 3 - 193 = 5*v. Let x = -65 - v. Let k = -7 - x. What is the greatest common factor of 50 and k?
10
Let q = -939 - -962. Calculate the highest common factor of q and 184.
23
Let g = -8 - -18. Suppose f + 4*c - 13 = 0, 5 = -3*c + 11. Calculate the greatest common factor of f and g.
5
Suppose -5*i - 24 = -v, -2*v - 4*i = 488 - 662. Let h(k) = 22*k**2 + 2*k - 1. Let w be h(1). What is the greatest common factor of w and v?
23
Let d be 3*1*(-240)/(-45). Calculate the highest common divisor of d and 216.
8
Suppose 2*o - 2*k + 4*k = 156, 0 = -o + 4*k + 88. What is the highest common divisor of 48 and o?
16
Let c = 4145 - 4100. Let v be 124/7 + 2/7. Calculate the greatest common divisor of c and v.
9
Suppose 186 = 28*x - 234. What is the highest common divisor of 20 and x?
5
Let h be (36/30)/((-6)/(-70)). Let u be h/(-28) + 27/2. Calculate the greatest common divisor of 52 and u.
13
Suppose 3*v + 34 = 166. Let c(p) be the third derivative of -p**5/60 + 5*p**4/12 + p**3/3 + 9*p**2. Let z be c(9). What is the highest common factor of z and v?
11
Let n(z) = -z**2 - 1. Let g be n(0). Let k(w) = 3*w**2 - w - 1. Let j be k(g). Let v = 8 - j. What is the highest common factor of v and 5?
5
Suppose -2*g - 88 = -0*g. Let d = g - -24. Let h = d - -39. Calculate the highest common divisor of 152 and h.
19
Let l be (-894)/(-168)*52 + 4/14. Suppose 0 = -5*d + 4*w + l, 2*w - 51 = -d + 5*w. What is the greatest common divisor of d and 3?
3
Let d be (50/(-20))/((-2)/(-16)). Let f(v) = -2*v + 14. Let i be f(d). Suppose 3*m = i - 6. What is the highest common factor of m and 80?
16
Suppose m + m = 108. Calculate the highest common factor of m and 6.
6
Let t = 931 + -646. Calculate the highest common divisor of 114 and t.
57
Suppose 5*c - 5*f + 52 = 147, -4*c + 3*f = -78. Suppose p - 249 = -60. Calculate the highest common factor of c and p.
21
Let s = 203 - 179. Calculate the highest common divisor of s and 108.
12
Let j(s) = -123*s - 10. Let x be j(-2). Calculate the highest common factor of x and 4.
4
Let b(v) = 4*v + 22. Let r be b(-4). Calculate the highest common factor of r and 414.
6
Suppose 4*b + 244 = 424. Suppose -900 = -2*f - 3*f. Calculate the greatest common factor of f and b.
45
Let j(d) = 2*d**3 + 46*d**2 - 52*d - 11. Let r be j(-24). Calculate the highest common divisor of 1360 and r.
85
Let j = 13 + -4. Let w(s) = -s**3 - 18*s**2 - 22*s - 49. Let x be w(-17). What is the greatest common divisor of x and j?
9
Let o(y) = 2 - 2*y - 4 - y**2 + y**2 - 5*y**3. Let h be o(-1). Suppose 0 = -h*n + 6 + 24. What is the highest common factor of n and 2?
2
Suppose 0 = 3*j + 2*n - 26, 8 - 23 = -2*j + n. Calculate the highest common divisor of 108 and j.
4
Let k be 8/(-21)*-6 + (-2)/7. Let y be 19 + -2 - 6/k. Calculate the greatest common divisor of y and 98.
14
Suppose -12*l + 185 = 17. Suppose 10*p - l*p = -20. Let q be -1 + (-52)/6*-3. What is the highest common divisor of p and q?
5
Suppose -37 = 4*m - 21. Let g(c) be the third derivative of -5*c**4/24 + 7*c**3/6 - c**2. Let t be g(m). Calculate the highest common divisor of t and 189.
27
Let v(w) = 4*w**3 + w**2 - 25*w + 37. Let y be v(4). What is the highest common factor of 57 and y?
19
Suppose 0 = 4*b - 5*b - 33. Let m be -2 + 0 - -3 - -104. Let d = b + m. Calculate the highest common factor of d and 9.
9
Let z(d) = -d**3 + 0*d**3 + 8 + d + 12*d**2 - 6*d - 9*d. Let k be z(11). Let a = 45 + k. Calculate the highest common factor of a and 30.
10
Let k = -2 + 7. Suppose -k = f - 3*i + 3, 3*i = 5*f - 8. Suppose 3*p = -f*l + 21 + 26, 36 = 2*p + 5*l. What is the greatest common factor of p and 52?
13
Let v = -368 - -548. What is the highest common divisor of v and 5?
5
Suppose -3*p - 3 = -4*p. Let t = -1030 - -710. Let k be 14/63 - t/18. What is the greatest common factor of k and p?
3
Suppose 0 = -3*u + 3*q + 89 + 43, -5*q - 176 = -4*u. Let c = 22 + -17. Suppose c*g = 2*g + 12. Calculate the greatest common divisor of u and g.
4
Let w be 2/(9/351*6). What is the highest common factor of w and 793?
13
Let x(w) = -15*w - w**2 - 2 - 8 + 9. Let o be x(-10). Calculate the greatest common factor of 7 and o.
7
Let a(l) = l - l - l**2 - 1 + 0*l - l. Let u(p) = p**3 + 7*p + 9. Let g(m) = -5*a(m) - u(m). Let x be g(4). What is the highest common factor of 6 and x?
2
Suppose -5*i = 2*o - 542 - 1414, 2*o = 4*i - 1572. Calculate the greatest common factor of 49 and i.
49
Let f = -37 - -173. What is the greatest common factor of f and 51?
17
Let x be (16/(-12))/((-4)/(-18)). Let f = x - -11. Let j be 1/f + (-282)/(-15). What is the greatest common divisor of j and 152?
19
Let v be (-3)/(-2)*(-1 - 346/(-6)). Let w = 87 - v. What is the highest common factor of 8 and w?
2
Let z = 346 - 217. Let y be (-7)/(-28) - z/(-12). Calculate the greatest common factor of 33 and y.
11
Let p be 2 - (-6)/(-4) - 131/(-2). Calculate the highest common factor of 110 and p.
22
Let c = 910 + -478. What is the highest common factor of c and 108?
108
Suppose -71 = s + 31. Let t = s + 228. Suppose k + t = 2*k. Calculate the highest common divisor of k and 14.
14
Suppose 5*b + 2*r = 9, -2*b = 5*r + 1 - 13. What is the highest common factor of b and 63?
1
Let s be (-3)/(-1)*(-4)/(-6). Suppose s*d = -0*d + 4. Let w be (-96)/9*(-9)/d. Calculate the greatest common divisor of w and 12.
12
Let k be (-3 + 4)/(-1*9/(-468)). Calculate the greatest common divisor of 559 and k.
13
Suppose 2*v - 6*v + 106 = -x, v + 5*x - 37 = 0. Calculate the highest common factor of 378 and v.
27
Let u be (42/(-27))/(-7) + 2100/27. What is the highest common factor of u and 195?
39
Let r be (-1)/(-3) - (-136)/6. Suppose -5*c - r = 32. Let d be 5 + -3 - (c - -1). What is the greatest common factor of d and 12?
12
Let d = -184 - -758. Let l = d + -241. Calculate the highest common factor of l and 37.
37
Let d(j) = j**3 + j**2 + 10*j - 5. Let k be d(5). Calculate the greatest common factor of k and 260.
65
Let y be 94/4 - 3/(-6). Let c(b) = 5*b - 82. Let r be c(17). Calculate the greatest common factor of y and r.
3
Let u(w) = w**2 + 24*w - 445. Let d be u(-46). What is the highest common factor of 28 and d?
7
Let u be (-2)/(-4) + (-1)/2. Let p = 2 + u. Suppose -p*z + 5 = -3. What is the greatest common divisor of z and 16?
4
Suppose 526*k - 527*k = -16. What is the greatest common factor of 2 and k?
2
Suppose -7*h = -5*h - 170. Let s = 127 - h. Calculate the highest common divisor of s and 126.
42
Let z be (10/4)/(2/8). Let u(i) = -i + 1. Let q be u(0). Let v be (-54)/18 + 23*q. What is the highest common factor of v and z?
10
Let m(h) = -h**3 + 6*h**2 + 5*h + 9. Let k be m(8). Let d = k + 47. Let y = d + 44. What is the highest common divisor of y and 12?
12
Let n(d) = -15*d - 3. Let i be n(-3). Let o(h) = h**3 + h**2 + h + 18. Let j be o(0). Let m = i - j. Calculate the highest common divisor of 3 and m.
3
Let r(h) be the second derivative of -2*h**3/3 - 23*h**2 + 28*h. Let i be r(-16). What is the highest common factor of i and 36?
18
Let n = 72 - 51. Let i(s) = -s**3 + 6*s**2 + 2*s + 2. Let f be i(6). Calculate the highest common divisor of n and f.
7
Suppose -2 + 3 = -v. Let w = 1 + v. Suppose w = -3*f - 0*f + 63. Calculate the greatest common factor of f and 14.
7
Let d = -2 - -3. Let z(x) = x**2 + 8*x - 1. Let t be z(-8). Let f be 18/4*(-2)/t. What is the highest common factor of d and f?
1
Suppose 3*m - 1152 = -33*m. What is the greatest common divisor of m and 736?
32
Let o be (-6)/(-5)*(-5)/(-2). Suppose -o*y + 19 = -269. What is the highest common factor of y and 32?
32
Let g(m) = -13*m**3 - 1. Let w(j) = -j**2 - 3*j + 3. Let z be w(-4). Let c be g(z). What is the greatest common factor of c and 48?
12
Let m = 195 + -145. What is the highest common factor of 10 and m?
10
Let p(a) = 2*a**3 - 31*a**2 + 18*a - 25. Let j be p(15). What is the highest common factor of j and 50?
10
Let k(c) = c**3 + 11*c**2 + 5*c - 6. Let n be k(-6). What is the highest common factor of n and 108?
36
Let l be (-2)/(-2) - 1 - -10. Suppose 186 = 2*p + l. Let a = 141 - 130. Calculate the greatest common factor of p and a.
11
Let o(z) = 5*z**2 + 33*z + 278. Let f be o(-17). What is the highest common factor of f and 14?
14
Let k be 8/(-36) + 4/18. Suppose 168 = 4*f - k*f. Calculate the grea